{"id":4089,"date":"2020-04-16T13:01:58","date_gmt":"2020-04-16T13:01:58","guid":{"rendered":"https:\/\/cavadeoro.mx\/?page_id=4089"},"modified":"2024-03-25T22:23:22","modified_gmt":"2024-03-26T04:23:22","slug":"terminos","status":"publish","type":"page","link":"https:\/\/cavadeoro.mx\/?page_id=4089","title":{"rendered":"TERMINOS"},"content":{"rendered":"\t\t<div data-elementor-type=\"wp-page\" data-elementor-id=\"4089\" class=\"elementor elementor-4089\">\n\t\t\t\t\t\t<section class=\"elementor-section elementor-top-section elementor-element elementor-element-8dfe9c2 elementor-section-boxed elementor-section-height-default elementor-section-height-default qodef-elementor-content-no\" data-id=\"8dfe9c2\" data-element_type=\"section\" data-e-type=\"section\" data-settings=\"{&quot;background_background&quot;:&quot;classic&quot;}\">\n\t\t\t\t\t\t<div class=\"elementor-container elementor-column-gap-default\">\n\t\t\t\t\t<div class=\"elementor-column elementor-col-100 elementor-top-column elementor-element elementor-element-1771910b\" data-id=\"1771910b\" data-element_type=\"column\" data-e-type=\"column\">\n\t\t\t<div class=\"elementor-widget-wrap elementor-element-populated\">\n\t\t\t\t\t\t<div class=\"elementor-element elementor-element-02f8b06 elementor-widget elementor-widget-text-editor\" data-id=\"02f8b06\" data-element_type=\"widget\" data-e-type=\"widget\" data-widget_type=\"text-editor.default\">\n\t\t\t\t<div class=\"elementor-widget-container\">\n\t\t\t\t\t\t\t\t\t<h1 style=\"text-align: center;\"><strong>T\u00c9RMINOS Y CONDICIONES<\/strong><\/h1>\n<p>\u00a0<\/p>\n<p><strong>USO DE LA P\u00c1GINA WEB<\/strong><\/p>\n<p>Nuestra p\u00e1gina y dem\u00e1s documentos en ella, permiten conocer las condiciones de uso de <a href=\"http:\/\/www.cavadeoro.mx\">cavadeoro.mx <\/a>, al entrar en nuestro sitio, debe indicar que acepta las condiciones de uso, comprometi\u00e9ndose a cumplirlas, en caso de no estar de acuerdo deber\u00e1 salir de nuestro sitio.<\/p>\n<p><strong>ACCESO AL SITIO WEB<\/strong><\/p>\n<p>Acceder al sitio <a href=\"http:\/\/cavadeoro.mx\">www.cavadeoro.mx<\/a> es de manera temporal, reserv\u00e1ndonos el derecho de hacer cualquier modificaci\u00f3n en cualquier servicio que ofrecemos en nuestro sitio sin previo aviso, sin hacernos responsables del no acceso o acceso en cualquier momento o por cualquier periodo en nuestras p\u00e1ginas. Siendo usted el responsable de asegurarse que todas las personas que acceden a nuestro sitio a trav\u00e9s de su conexi\u00f3n son conscientes de estos t\u00e9rminos y que cumplan con ellos.<\/p>\n<p><strong>PROPIEDAD INTELECTUAL<\/strong><\/p>\n<p>Todos los derechos de propiedad intelectual y el material publicado en el sitio <a href=\"http:\/\/www.cavadeoro.mx\">www.cavadeoro.mx<\/a> son propiedad nuestra, por lo que todos los derechos est\u00e1n reservados. Por lo que usted no debe modificar impresiones, copias o descargas, tampoco utilizar ilustraciones, fotograf\u00edas, secuencias de v\u00eddeo o audio, ni gr\u00e1ficos. Reconociendo siempre a los autores de nuestro material.<\/p>\n<p>No se debe utilizar ning\u00fan material de nuestra web con fines comerciales sin obtener una licencia para hacerlo por parte nuestra.<\/p>\n<p>En caso de usted violar nuestras condiciones de uso deber\u00e1 devolver o destruir cualquier copia de los materiales que ha utilizado.<\/p>\n<p><strong>INFORMACI\u00d3N PUBLICADA<\/strong><\/p>\n<p>Los comentarios y otros materiales publicados en nuestro sitio web no tienen la intenci\u00f3n de constituir asesoramiento; por lo tanto, declinamos toda responsabilidad derivada de este tipo de materiales por cualquier visitante de nuestro sitio, o por cualquier persona que pueda estar informada de cualquiera de sus contenidos.<\/p>\n<p><strong>RESPONSABILIDAD<\/strong><\/p>\n<p>No somos responsables, en ning\u00fan caso y de ning\u00fan modo, por cualquier da\u00f1o directo, indirecto o consecuencial, que se deriven o se relacionen con el uso, ejecuci\u00f3n, retraso o falta de disponibilidad de uso de los servicios por la informaci\u00f3n, alteraci\u00f3n, modificaci\u00f3n en todo o en parte, luego de haber sido incluidas en nuestros servicios; Por lo que no estamos obligados a realizar concesi\u00f3n alguna. Cava de oro no ser\u00e1 responsable por da\u00f1os directos o indirectos, morales, especiales o consecuenciales que resulten del uso de nuestra web.<\/p>\t\t\t\t\t\t\t\t<\/div>\n\t\t\t\t<\/div>\n\t\t\t\t<div class=\"elementor-element elementor-element-a11cdc6 elementor-widget elementor-widget-text-editor\" data-id=\"a11cdc6\" data-element_type=\"widget\" data-e-type=\"widget\" data-widget_type=\"text-editor.default\">\n\t\t\t\t<div class=\"elementor-widget-container\">\n\t\t\t\t\t\t\t\t\t\n<div class=\"wp-block-themeisle-blocks-advanced-columns has-undefined-columns has-desktop-undefined-layout has-tablet-equal-layout has-mobile-equal-layout has-default-gap has-vertical-unset\" id=\"wp-block-themeisle-blocks-advanced-columns-766fe027\"><div class=\"wp-block-themeisle-blocks-advanced-columns-overlay\"><\/div><div class=\"innerblocks-wrap\"><\/div><\/div>\n\t\t\t\t\t\t\t\t<\/div>\n\t\t\t\t<\/div>\n\t\t\t\t\t<\/div>\n\t\t<\/div>\n\t\t\t\t\t<\/div>\n\t\t<\/section>\n\t\t\t\t<\/div>\n\t\t","protected":false},"excerpt":{"rendered":"<p>T\u00c9RMINOS Y CONDICIONES &nbsp; USO DE LA P\u00c1GINA WEB Nuestra p\u00e1gina y dem\u00e1s documentos en ella, permiten conocer las condiciones de uso de cavadeoro.mx , al entrar en nuestro sitio, debe indicar que acepta las condiciones de uso, comprometi\u00e9ndose a cumplirlas, en caso de no estar de acuerdo deber\u00e1 salir de nuestro sitio. ACCESO AL [&hellip;]<\/p>\n","protected":false},"author":1,"featured_media":0,"parent":0,"menu_order":0,"comment_status":"closed","ping_status":"closed","template":"page-full-width.php","meta":{"footnotes":""},"class_list":["post-4089","page","type-page","status-publish","hentry"],"yoast_head":"<!-- This site is optimized with the Yoast SEO Premium plugin v22.8 (Yoast SEO v27.5) - https:\/\/yoast.com\/product\/yoast-seo-premium-wordpress\/ -->\n<title>TERMINOS - Tequila Cava de Oro<\/title>\n<meta name=\"robots\" content=\"index, follow, max-snippet:-1, max-image-preview:large, max-video-preview:-1\" \/>\n<link rel=\"canonical\" href=\"https:\/\/cavadeoro.mx\/?page_id=4089\" \/>\n<meta property=\"og:locale\" content=\"es_MX\" \/>\n<meta property=\"og:type\" content=\"article\" \/>\n<meta property=\"og:title\" content=\"TERMINOS\" \/>\n<meta property=\"og:description\" content=\"T\u00c9RMINOS Y CONDICIONES &nbsp; USO DE LA P\u00c1GINA WEB Nuestra p\u00e1gina y dem\u00e1s documentos en ella, permiten conocer las condiciones de uso de cavadeoro.mx , al entrar en nuestro sitio, debe indicar que acepta las condiciones de uso, comprometi\u00e9ndose a cumplirlas, en caso de no estar de acuerdo deber\u00e1 salir de nuestro sitio. ACCESO AL [&hellip;]\" \/>\n<meta property=\"og:url\" content=\"https:\/\/cavadeoro.mx\/?page_id=4089\" \/>\n<meta property=\"og:site_name\" content=\"Tequila Cava de Oro\" \/>\n<meta property=\"article:publisher\" content=\"https:\/\/facebook.com\/cavadeoro\" \/>\n<meta property=\"article:modified_time\" content=\"2024-03-26T04:23:22+00:00\" \/>\n<meta property=\"og:image\" content=\"https:\/\/cavadeoro.mx\/wp-content\/uploads\/2024\/03\/web-cava-de-oro.png\" \/>\n\t<meta property=\"og:image:width\" content=\"1080\" \/>\n\t<meta property=\"og:image:height\" content=\"675\" \/>\n\t<meta property=\"og:image:type\" content=\"image\/png\" \/>\n<meta name=\"twitter:card\" content=\"summary_large_image\" \/>\n<meta name=\"twitter:label1\" content=\"Tiempo de lectura\" \/>\n\t<meta name=\"twitter:data1\" content=\"2 minutos\" \/>\n<script type=\"application\/ld+json\" class=\"yoast-schema-graph\">{\"@context\":\"https:\\\/\\\/schema.org\",\"@graph\":[{\"@type\":\"WebPage\",\"@id\":\"https:\\\/\\\/cavadeoro.mx\\\/?page_id=4089\",\"url\":\"https:\\\/\\\/cavadeoro.mx\\\/?page_id=4089\",\"name\":\"TERMINOS - Tequila Cava de Oro\",\"isPartOf\":{\"@id\":\"https:\\\/\\\/cavadeoro.mx\\\/#website\"},\"datePublished\":\"2020-04-16T13:01:58+00:00\",\"dateModified\":\"2024-03-26T04:23:22+00:00\",\"breadcrumb\":{\"@id\":\"https:\\\/\\\/cavadeoro.mx\\\/?page_id=4089#breadcrumb\"},\"inLanguage\":\"es\",\"potentialAction\":[{\"@type\":\"ReadAction\",\"target\":[\"https:\\\/\\\/cavadeoro.mx\\\/?page_id=4089\"]}]},{\"@type\":\"BreadcrumbList\",\"@id\":\"https:\\\/\\\/cavadeoro.mx\\\/?page_id=4089#breadcrumb\",\"itemListElement\":[{\"@type\":\"ListItem\",\"position\":1,\"name\":\"Portada\",\"item\":\"https:\\\/\\\/cavadeoro.mx\\\/?page_id=14294&lang=en\"},{\"@type\":\"ListItem\",\"position\":2,\"name\":\"TERMINOS\"}]},{\"@type\":\"WebSite\",\"@id\":\"https:\\\/\\\/cavadeoro.mx\\\/#website\",\"url\":\"https:\\\/\\\/cavadeoro.mx\\\/\",\"name\":\"Tequila Cava de Oro\",\"description\":\"100% Agave Azul\",\"publisher\":{\"@id\":\"https:\\\/\\\/cavadeoro.mx\\\/#organization\"},\"potentialAction\":[{\"@type\":\"SearchAction\",\"target\":{\"@type\":\"EntryPoint\",\"urlTemplate\":\"https:\\\/\\\/cavadeoro.mx\\\/?s={search_term_string}\"},\"query-input\":{\"@type\":\"PropertyValueSpecification\",\"valueRequired\":true,\"valueName\":\"search_term_string\"}}],\"inLanguage\":\"es\"},{\"@type\":\"Organization\",\"@id\":\"https:\\\/\\\/cavadeoro.mx\\\/#organization\",\"name\":\"Tequila Cava de Oro\",\"url\":\"https:\\\/\\\/cavadeoro.mx\\\/\",\"logo\":{\"@type\":\"ImageObject\",\"inLanguage\":\"es\",\"@id\":\"https:\\\/\\\/cavadeoro.mx\\\/#\\\/schema\\\/logo\\\/image\\\/\",\"url\":\"https:\\\/\\\/cavadeoro.mx\\\/wp-content\\\/uploads\\\/2022\\\/04\\\/cropped-Logo-menu.png\",\"contentUrl\":\"https:\\\/\\\/cavadeoro.mx\\\/wp-content\\\/uploads\\\/2022\\\/04\\\/cropped-Logo-menu.png\",\"width\":92,\"height\":66,\"caption\":\"Tequila Cava de Oro\"},\"image\":{\"@id\":\"https:\\\/\\\/cavadeoro.mx\\\/#\\\/schema\\\/logo\\\/image\\\/\"},\"sameAs\":[\"https:\\\/\\\/facebook.com\\\/cavadeoro\",\"https:\\\/\\\/instagram.com\\\/cavadeoro\"]}]}<\/script>\n<!-- \/ Yoast SEO Premium plugin. -->","yoast_head_json":{"title":"TERMINOS - Tequila Cava de Oro","robots":{"index":"index","follow":"follow","max-snippet":"max-snippet:-1","max-image-preview":"max-image-preview:large","max-video-preview":"max-video-preview:-1"},"canonical":"https:\/\/cavadeoro.mx\/?page_id=4089","og_locale":"es_MX","og_type":"article","og_title":"TERMINOS","og_description":"T\u00c9RMINOS Y CONDICIONES &nbsp; USO DE LA P\u00c1GINA WEB Nuestra p\u00e1gina y dem\u00e1s documentos en ella, permiten conocer las condiciones de uso de cavadeoro.mx , al entrar en nuestro sitio, debe indicar que acepta las condiciones de uso, comprometi\u00e9ndose a cumplirlas, en caso de no estar de acuerdo deber\u00e1 salir de nuestro sitio. ACCESO AL [&hellip;]","og_url":"https:\/\/cavadeoro.mx\/?page_id=4089","og_site_name":"Tequila Cava de Oro","article_publisher":"https:\/\/facebook.com\/cavadeoro","article_modified_time":"2024-03-26T04:23:22+00:00","og_image":[{"width":1080,"height":675,"url":"https:\/\/cavadeoro.mx\/wp-content\/uploads\/2024\/03\/web-cava-de-oro.png","type":"image\/png"}],"twitter_card":"summary_large_image","twitter_misc":{"Tiempo de lectura":"2 minutos"},"schema":{"@context":"https:\/\/schema.org","@graph":[{"@type":"WebPage","@id":"https:\/\/cavadeoro.mx\/?page_id=4089","url":"https:\/\/cavadeoro.mx\/?page_id=4089","name":"TERMINOS - Tequila Cava de Oro","isPartOf":{"@id":"https:\/\/cavadeoro.mx\/#website"},"datePublished":"2020-04-16T13:01:58+00:00","dateModified":"2024-03-26T04:23:22+00:00","breadcrumb":{"@id":"https:\/\/cavadeoro.mx\/?page_id=4089#breadcrumb"},"inLanguage":"es","potentialAction":[{"@type":"ReadAction","target":["https:\/\/cavadeoro.mx\/?page_id=4089"]}]},{"@type":"BreadcrumbList","@id":"https:\/\/cavadeoro.mx\/?page_id=4089#breadcrumb","itemListElement":[{"@type":"ListItem","position":1,"name":"Portada","item":"https:\/\/cavadeoro.mx\/?page_id=14294&lang=en"},{"@type":"ListItem","position":2,"name":"TERMINOS"}]},{"@type":"WebSite","@id":"https:\/\/cavadeoro.mx\/#website","url":"https:\/\/cavadeoro.mx\/","name":"Tequila Cava de Oro","description":"100% Agave Azul","publisher":{"@id":"https:\/\/cavadeoro.mx\/#organization"},"potentialAction":[{"@type":"SearchAction","target":{"@type":"EntryPoint","urlTemplate":"https:\/\/cavadeoro.mx\/?s={search_term_string}"},"query-input":{"@type":"PropertyValueSpecification","valueRequired":true,"valueName":"search_term_string"}}],"inLanguage":"es"},{"@type":"Organization","@id":"https:\/\/cavadeoro.mx\/#organization","name":"Tequila Cava de Oro","url":"https:\/\/cavadeoro.mx\/","logo":{"@type":"ImageObject","inLanguage":"es","@id":"https:\/\/cavadeoro.mx\/#\/schema\/logo\/image\/","url":"https:\/\/cavadeoro.mx\/wp-content\/uploads\/2022\/04\/cropped-Logo-menu.png","contentUrl":"https:\/\/cavadeoro.mx\/wp-content\/uploads\/2022\/04\/cropped-Logo-menu.png","width":92,"height":66,"caption":"Tequila Cava de Oro"},"image":{"@id":"https:\/\/cavadeoro.mx\/#\/schema\/logo\/image\/"},"sameAs":["https:\/\/facebook.com\/cavadeoro","https:\/\/instagram.com\/cavadeoro"]}]}},"lang":"es","translations":{"es":4089},"pll_sync_post":[],"_links":{"self":[{"href":"https:\/\/cavadeoro.mx\/index.php?rest_route=\/wp\/v2\/pages\/4089","targetHints":{"allow":["GET"]}}],"collection":[{"href":"https:\/\/cavadeoro.mx\/index.php?rest_route=\/wp\/v2\/pages"}],"about":[{"href":"https:\/\/cavadeoro.mx\/index.php?rest_route=\/wp\/v2\/types\/page"}],"author":[{"embeddable":true,"href":"https:\/\/cavadeoro.mx\/index.php?rest_route=\/wp\/v2\/users\/1"}],"replies":[{"embeddable":true,"href":"https:\/\/cavadeoro.mx\/index.php?rest_route=%2Fwp%2Fv2%2Fcomments&post=4089"}],"version-history":[{"count":12,"href":"https:\/\/cavadeoro.mx\/index.php?rest_route=\/wp\/v2\/pages\/4089\/revisions"}],"predecessor-version":[{"id":14472,"href":"https:\/\/cavadeoro.mx\/index.php?rest_route=\/wp\/v2\/pages\/4089\/revisions\/14472"}],"wp:attachment":[{"href":"https:\/\/cavadeoro.mx\/index.php?rest_route=%2Fwp%2Fv2%2Fmedia&parent=4089"}],"curies":[{"name":"wp","href":"https:\/\/api.w.org\/{rel}","templated":true}]}}