{"id":17935,"date":"2024-11-11T12:26:35","date_gmt":"2024-11-11T18:26:35","guid":{"rendered":"https:\/\/cavadeoro.mx\/?post_type=product&#038;p=17935"},"modified":"2025-10-13T14:30:18","modified_gmt":"2025-10-13T20:30:18","slug":"tequila-amatitena-barrancas","status":"publish","type":"product","link":"https:\/\/cavadeoro.mx\/?product=tequila-amatitena-barrancas","title":{"rendered":"Tequila Amatite\u00f1a Edici\u00f3n Especial Barrancas 2024"},"content":{"rendered":"\t\t<div data-elementor-type=\"wp-post\" data-elementor-id=\"17935\" class=\"elementor elementor-17935\">\n\t\t\t\t\t\t<section class=\"elementor-section elementor-top-section elementor-element elementor-element-143b01a2 elementor-section-boxed elementor-section-height-default elementor-section-height-default qodef-elementor-content-no\" data-id=\"143b01a2\" data-element_type=\"section\" data-e-type=\"section\">\n\t\t\t\t\t\t<div class=\"elementor-container elementor-column-gap-default\">\n\t\t\t\t\t<div class=\"elementor-column elementor-col-100 elementor-top-column elementor-element elementor-element-4c492ab\" data-id=\"4c492ab\" data-element_type=\"column\" data-e-type=\"column\">\n\t\t\t<div class=\"elementor-widget-wrap elementor-element-populated\">\n\t\t\t\t\t\t<div class=\"elementor-element elementor-element-70e93012 elementor-widget elementor-widget-text-editor\" data-id=\"70e93012\" data-element_type=\"widget\" data-e-type=\"widget\" data-widget_type=\"text-editor.default\">\n\t\t\t\t<div class=\"elementor-widget-container\">\n\t\t\t\t\t\t\t\t\t<h2 style=\"text-align: center;\"><strong style=\"letter-spacing: 0.13em; text-align: center;\">TEQUILA AMATITE\u00d1A <\/strong><strong>barrancas<\/strong><\/h2><h2 style=\"text-align: center;\"><strong>edici\u00f3n especial 2024<\/strong><\/h2><h5 style=\"text-align: center;\"><span style=\"font-weight: 400;\">Tequila con mango, ciruela y mamey<\/span><\/h5><p><span style=\"font-weight: 400;\"><img fetchpriority=\"high\" decoding=\"async\" class=\"aligncenter wp-image-19944 size-large\" src=\"https:\/\/cavadeoro.mx\/wp-content\/uploads\/2025\/10\/Barrancas1-925x1024.avif\" alt=\"\" width=\"925\" height=\"1024\" srcset=\"https:\/\/cavadeoro.mx\/wp-content\/uploads\/2025\/10\/Barrancas1-925x1024.avif 925w, https:\/\/cavadeoro.mx\/wp-content\/uploads\/2025\/10\/Barrancas1-271x300.avif 271w, https:\/\/cavadeoro.mx\/wp-content\/uploads\/2025\/10\/Barrancas1-768x850.avif 768w, https:\/\/cavadeoro.mx\/wp-content\/uploads\/2025\/10\/Barrancas1-1388x1536.avif 1388w, https:\/\/cavadeoro.mx\/wp-content\/uploads\/2025\/10\/Barrancas1-1850x2048.avif 1850w, https:\/\/cavadeoro.mx\/wp-content\/uploads\/2025\/10\/Barrancas1-500x553.avif 500w, https:\/\/cavadeoro.mx\/wp-content\/uploads\/2025\/10\/Barrancas1-700x775.avif 700w\" sizes=\"(max-width: 925px) 100vw, 925px\" \/><\/span><\/p><p>El nombre de <strong>AMATITE\u00d1A<\/strong> proviene del poblado de <strong>Amatit\u00e1n<\/strong>, Jalisco, <strong>\u201cLa cuna del Tequila\u201d<\/strong><\/p><p>Tequila blanco 100% agave, propio de casa, producido en el estado de Jalisco; cosechando hasta su madurez con el m\u00e9todo tradicional de jima, seleccionando siempre nuestra mejor cosecha.<\/p><p>Emprendemos nuestro proceso con el <strong>cocimiento a fuego lento<\/strong>, conservando as\u00ed los sabores suaves y dulces del agave para continuar con la extracci\u00f3n de jugos y mieles del agave en el proceso de <strong>molienda con tahona<\/strong>, donde suavemente extraemos el jugo sin estresar la fibra del agave.<\/p><p><strong>Fermentaci\u00f3n<\/strong> etapa natural donde <strong>levaduras salvajes<\/strong> se encargan de transformar las mieles del agave en alcohol, finalizamos con la <strong>destilaci\u00f3n en originales alambiques de cobre<\/strong> y geometr\u00eda de olla, donde a fuego destilamos lentamente nuestro tequila, logrando un destilado exquisito.<\/p><p style=\"text-align: center;\">\u00a0<\/p><p>\u00a0<\/p><p>La producci\u00f3n se lleva a cabo en predios agaveros ubicados en la zona Valles, en los municipios de Amatit\u00e1n y Tequila, Jalisco, M\u00e9xico; El novillero, Santa Ana, Talixtaca, La tripa, La coronilla y El polvor\u00edn. Todos los predios se encuentran a una altitud media de 1,200 m s. n. m.<\/p><p>\u00a0<\/p><p style=\"margin-bottom: 10px; background-color: #ffffff;\">Nuestra Edici\u00f3n Especial Barrancas, es destilado con frutas de temporada primaveral de la barranca de Amatit\u00e1n; mango, ciruela y mamey. Estabilizado en damajuanas por un a\u00f1o, envasado a 55% Alc. Vol.\u00a0<\/p><h4>\u00a0<\/h4><h4>La producci\u00f3n se lleva a cabo de cosechas de los predios agaveros ubicados en zona valle en los municipios de Amatit\u00e1n, Tequila y Arenal.<\/h4><p style=\"text-align: center;\">\u00a0<\/p>\t\t\t\t\t\t\t\t<\/div>\n\t\t\t\t<\/div>\n\t\t\t\t\t<\/div>\n\t\t<\/div>\n\t\t\t\t\t<\/div>\n\t\t<\/section>\n\t\t\t\t<\/div>\n\t\t","protected":false},"excerpt":{"rendered":"<p><strong>Destilado con frutas de temporada primaveral de la barranca de Amatit\u00e1n; mango, ciruela y mamey. <\/strong><\/p>\n<p><strong>Estabilizado en damajuanas por un a\u00f1o.<\/strong><\/p>\n<p><strong>Color: <\/strong>Cristal brillante con matices plateados.<\/p>\n<p><strong>Aroma: <\/strong>Dulce, terroso, agave cocido, mango, mamey, ciruela, ahumado intenso.<\/p>\n<p><strong>Notas: <\/strong>Caramelo, mango, agave cocido, ciruela, mamey, humo intenso y minerales.<\/p>\n<p><strong>Textura: <\/strong>Estructura ampulosa que llena la boca.<\/p>\n<p><img decoding=\"async\" class=\"wp-image-11871 alignnone\" src=\"https:\/\/cavadeoro.mx\/wp-content\/uploads\/2021\/06\/CAVA-DE-ORO-100-negro-300x107.png\" alt=\"\" width=\"185\" height=\"66\" srcset=\"https:\/\/cavadeoro.mx\/wp-content\/uploads\/2021\/06\/CAVA-DE-ORO-100-negro-300x107.png 300w, https:\/\/cavadeoro.mx\/wp-content\/uploads\/2021\/06\/CAVA-DE-ORO-100-negro-500x178.png 500w, https:\/\/cavadeoro.mx\/wp-content\/uploads\/2021\/06\/CAVA-DE-ORO-100-negro-600x213.png 600w, https:\/\/cavadeoro.mx\/wp-content\/uploads\/2021\/06\/CAVA-DE-ORO-100-negro.png 650w\" sizes=\"(max-width: 185px) 100vw, 185px\" \/><\/p>\n<p><strong>55% Alc. Vol. |<\/strong><b>\u00a0<\/b><b>700 ml<br \/>\n<\/b>Env\u00edo a todo M\u00e9xico.<\/p>\n","protected":false},"featured_media":18098,"template":"","meta":[],"product_brand":[],"product_cat":[149,148],"product_tag":[433,74,145,70],"class_list":{"0":"post-17935","1":"product","2":"type-product","3":"status-publish","4":"has-post-thumbnail","6":"product_cat-amatitena","7":"product_cat-familia-tequila","8":"product_tag-amatitena","9":"product_tag-plata","10":"product_tag-tahona","11":"product_tag-tequila","13":"first","14":"instock","15":"featured","16":"shipping-taxable","17":"purchasable","18":"product-type-simple"},"yoast_head":"<!-- This site is optimized with the Yoast SEO Premium plugin v22.8 (Yoast SEO v27.3) - https:\/\/yoast.com\/product\/yoast-seo-premium-wordpress\/ -->\n<title>Tequila Amatite\u00f1a Edici\u00f3n Especial Barrancas 2024 | TAHONA PLATA | 100% Artesanal<\/title>\n<meta name=\"description\" content=\"Tequila Amatite\u00f1a, Proceso 100% artesanal. Tequila Blanco Origen 100% agave azul, realizado en proceso artesanal con molienda en Tahona con 49% Alc. Vol.\" \/>\n<meta name=\"robots\" content=\"index, follow, max-snippet:-1, max-image-preview:large, max-video-preview:-1\" \/>\n<link rel=\"canonical\" href=\"https:\/\/cavadeoro.mx\/?product=tequila-amatitena-barrancas\" \/>\n<meta property=\"og:locale\" content=\"es_MX\" \/>\n<meta property=\"og:type\" content=\"article\" \/>\n<meta property=\"og:title\" content=\"Tequila Amatite\u00f1a Edici\u00f3n Especial Barrancas 2024\" \/>\n<meta property=\"og:description\" content=\"Tequila Amatite\u00f1a, Proceso 100% artesanal. Tequila Blanco Origen 100% agave azul, realizado en proceso artesanal con molienda en Tahona con 49% Alc. Vol.\" \/>\n<meta property=\"og:url\" content=\"https:\/\/cavadeoro.mx\/?product=tequila-amatitena-barrancas\" \/>\n<meta property=\"og:site_name\" content=\"Tequila Cava de Oro\" \/>\n<meta property=\"article:publisher\" content=\"https:\/\/facebook.com\/cavadeoro\" \/>\n<meta property=\"article:modified_time\" content=\"2025-10-13T20:30:18+00:00\" \/>\n<meta property=\"og:image\" content=\"https:\/\/cavadeoro.mx\/wp-content\/uploads\/2024\/07\/Amatitena-Barrancas.png\" \/>\n\t<meta property=\"og:image:width\" content=\"980\" \/>\n\t<meta property=\"og:image:height\" content=\"1225\" \/>\n\t<meta property=\"og:image:type\" content=\"image\/png\" \/>\n<meta name=\"twitter:card\" content=\"summary_large_image\" \/>\n<meta name=\"twitter:label1\" content=\"Tiempo de lectura\" \/>\n\t<meta name=\"twitter:data1\" content=\"2 minutos\" \/>\n<script type=\"application\/ld+json\" class=\"yoast-schema-graph\">{\"@context\":\"https:\\\/\\\/schema.org\",\"@graph\":[{\"@type\":\"WebPage\",\"@id\":\"https:\\\/\\\/cavadeoro.mx\\\/?product=tequila-amatitena-barrancas\",\"url\":\"https:\\\/\\\/cavadeoro.mx\\\/?product=tequila-amatitena-barrancas\",\"name\":\"Tequila Amatite\u00f1a Edici\u00f3n Especial Barrancas 2024 | TAHONA PLATA | 100% Artesanal\",\"isPartOf\":{\"@id\":\"https:\\\/\\\/cavadeoro.mx\\\/#website\"},\"primaryImageOfPage\":{\"@id\":\"https:\\\/\\\/cavadeoro.mx\\\/?product=tequila-amatitena-barrancas#primaryimage\"},\"image\":{\"@id\":\"https:\\\/\\\/cavadeoro.mx\\\/?product=tequila-amatitena-barrancas#primaryimage\"},\"thumbnailUrl\":\"https:\\\/\\\/cavadeoro.mx\\\/wp-content\\\/uploads\\\/2024\\\/07\\\/Amatitena-Barrancas.png\",\"datePublished\":\"2024-11-11T18:26:35+00:00\",\"dateModified\":\"2025-10-13T20:30:18+00:00\",\"description\":\"Tequila Amatite\u00f1a, Proceso 100% artesanal. Tequila Blanco Origen 100% agave azul, realizado en proceso artesanal con molienda en Tahona con 49% Alc. Vol.\",\"breadcrumb\":{\"@id\":\"https:\\\/\\\/cavadeoro.mx\\\/?product=tequila-amatitena-barrancas#breadcrumb\"},\"inLanguage\":\"es\",\"potentialAction\":[{\"@type\":\"ReadAction\",\"target\":[\"https:\\\/\\\/cavadeoro.mx\\\/?product=tequila-amatitena-barrancas\"]}]},{\"@type\":\"ImageObject\",\"inLanguage\":\"es\",\"@id\":\"https:\\\/\\\/cavadeoro.mx\\\/?product=tequila-amatitena-barrancas#primaryimage\",\"url\":\"https:\\\/\\\/cavadeoro.mx\\\/wp-content\\\/uploads\\\/2024\\\/07\\\/Amatitena-Barrancas.png\",\"contentUrl\":\"https:\\\/\\\/cavadeoro.mx\\\/wp-content\\\/uploads\\\/2024\\\/07\\\/Amatitena-Barrancas.png\",\"width\":980,\"height\":1225},{\"@type\":\"BreadcrumbList\",\"@id\":\"https:\\\/\\\/cavadeoro.mx\\\/?product=tequila-amatitena-barrancas#breadcrumb\",\"itemListElement\":[{\"@type\":\"ListItem\",\"position\":1,\"name\":\"Portada\",\"item\":\"https:\\\/\\\/cavadeoro.mx\\\/?page_id=14294&lang=en\"},{\"@type\":\"ListItem\",\"position\":2,\"name\":\"TIENDA\",\"item\":\"https:\\\/\\\/cavadeoro.mx\\\/?page_id=401\"},{\"@type\":\"ListItem\",\"position\":3,\"name\":\"Tequila Amatite\u00f1a Edici\u00f3n Especial Barrancas 2024\"}]},{\"@type\":\"WebSite\",\"@id\":\"https:\\\/\\\/cavadeoro.mx\\\/#website\",\"url\":\"https:\\\/\\\/cavadeoro.mx\\\/\",\"name\":\"Tequila Cava de Oro\",\"description\":\"100% Agave Azul\",\"publisher\":{\"@id\":\"https:\\\/\\\/cavadeoro.mx\\\/#organization\"},\"potentialAction\":[{\"@type\":\"SearchAction\",\"target\":{\"@type\":\"EntryPoint\",\"urlTemplate\":\"https:\\\/\\\/cavadeoro.mx\\\/?s={search_term_string}\"},\"query-input\":{\"@type\":\"PropertyValueSpecification\",\"valueRequired\":true,\"valueName\":\"search_term_string\"}}],\"inLanguage\":\"es\"},{\"@type\":\"Organization\",\"@id\":\"https:\\\/\\\/cavadeoro.mx\\\/#organization\",\"name\":\"Tequila Cava de Oro\",\"url\":\"https:\\\/\\\/cavadeoro.mx\\\/\",\"logo\":{\"@type\":\"ImageObject\",\"inLanguage\":\"es\",\"@id\":\"https:\\\/\\\/cavadeoro.mx\\\/#\\\/schema\\\/logo\\\/image\\\/\",\"url\":\"https:\\\/\\\/cavadeoro.mx\\\/wp-content\\\/uploads\\\/2022\\\/04\\\/cropped-Logo-menu.png\",\"contentUrl\":\"https:\\\/\\\/cavadeoro.mx\\\/wp-content\\\/uploads\\\/2022\\\/04\\\/cropped-Logo-menu.png\",\"width\":92,\"height\":66,\"caption\":\"Tequila Cava de Oro\"},\"image\":{\"@id\":\"https:\\\/\\\/cavadeoro.mx\\\/#\\\/schema\\\/logo\\\/image\\\/\"},\"sameAs\":[\"https:\\\/\\\/facebook.com\\\/cavadeoro\",\"https:\\\/\\\/instagram.com\\\/cavadeoro\"]}]}<\/script>\n<!-- \/ Yoast SEO Premium plugin. -->","yoast_head_json":{"title":"Tequila Amatite\u00f1a Edici\u00f3n Especial Barrancas 2024 | TAHONA PLATA | 100% Artesanal","description":"Tequila Amatite\u00f1a, Proceso 100% artesanal. Tequila Blanco Origen 100% agave azul, realizado en proceso artesanal con molienda en Tahona con 49% Alc. Vol.","robots":{"index":"index","follow":"follow","max-snippet":"max-snippet:-1","max-image-preview":"max-image-preview:large","max-video-preview":"max-video-preview:-1"},"canonical":"https:\/\/cavadeoro.mx\/?product=tequila-amatitena-barrancas","og_locale":"es_MX","og_type":"article","og_title":"Tequila Amatite\u00f1a Edici\u00f3n Especial Barrancas 2024","og_description":"Tequila Amatite\u00f1a, Proceso 100% artesanal. Tequila Blanco Origen 100% agave azul, realizado en proceso artesanal con molienda en Tahona con 49% Alc. Vol.","og_url":"https:\/\/cavadeoro.mx\/?product=tequila-amatitena-barrancas","og_site_name":"Tequila Cava de Oro","article_publisher":"https:\/\/facebook.com\/cavadeoro","article_modified_time":"2025-10-13T20:30:18+00:00","og_image":[{"width":980,"height":1225,"url":"https:\/\/cavadeoro.mx\/wp-content\/uploads\/2024\/07\/Amatitena-Barrancas.png","type":"image\/png"}],"twitter_card":"summary_large_image","twitter_misc":{"Tiempo de lectura":"2 minutos"},"schema":{"@context":"https:\/\/schema.org","@graph":[{"@type":"WebPage","@id":"https:\/\/cavadeoro.mx\/?product=tequila-amatitena-barrancas","url":"https:\/\/cavadeoro.mx\/?product=tequila-amatitena-barrancas","name":"Tequila Amatite\u00f1a Edici\u00f3n Especial Barrancas 2024 | TAHONA PLATA | 100% Artesanal","isPartOf":{"@id":"https:\/\/cavadeoro.mx\/#website"},"primaryImageOfPage":{"@id":"https:\/\/cavadeoro.mx\/?product=tequila-amatitena-barrancas#primaryimage"},"image":{"@id":"https:\/\/cavadeoro.mx\/?product=tequila-amatitena-barrancas#primaryimage"},"thumbnailUrl":"https:\/\/cavadeoro.mx\/wp-content\/uploads\/2024\/07\/Amatitena-Barrancas.png","datePublished":"2024-11-11T18:26:35+00:00","dateModified":"2025-10-13T20:30:18+00:00","description":"Tequila Amatite\u00f1a, Proceso 100% artesanal. Tequila Blanco Origen 100% agave azul, realizado en proceso artesanal con molienda en Tahona con 49% Alc. Vol.","breadcrumb":{"@id":"https:\/\/cavadeoro.mx\/?product=tequila-amatitena-barrancas#breadcrumb"},"inLanguage":"es","potentialAction":[{"@type":"ReadAction","target":["https:\/\/cavadeoro.mx\/?product=tequila-amatitena-barrancas"]}]},{"@type":"ImageObject","inLanguage":"es","@id":"https:\/\/cavadeoro.mx\/?product=tequila-amatitena-barrancas#primaryimage","url":"https:\/\/cavadeoro.mx\/wp-content\/uploads\/2024\/07\/Amatitena-Barrancas.png","contentUrl":"https:\/\/cavadeoro.mx\/wp-content\/uploads\/2024\/07\/Amatitena-Barrancas.png","width":980,"height":1225},{"@type":"BreadcrumbList","@id":"https:\/\/cavadeoro.mx\/?product=tequila-amatitena-barrancas#breadcrumb","itemListElement":[{"@type":"ListItem","position":1,"name":"Portada","item":"https:\/\/cavadeoro.mx\/?page_id=14294&lang=en"},{"@type":"ListItem","position":2,"name":"TIENDA","item":"https:\/\/cavadeoro.mx\/?page_id=401"},{"@type":"ListItem","position":3,"name":"Tequila Amatite\u00f1a Edici\u00f3n Especial Barrancas 2024"}]},{"@type":"WebSite","@id":"https:\/\/cavadeoro.mx\/#website","url":"https:\/\/cavadeoro.mx\/","name":"Tequila Cava de Oro","description":"100% Agave Azul","publisher":{"@id":"https:\/\/cavadeoro.mx\/#organization"},"potentialAction":[{"@type":"SearchAction","target":{"@type":"EntryPoint","urlTemplate":"https:\/\/cavadeoro.mx\/?s={search_term_string}"},"query-input":{"@type":"PropertyValueSpecification","valueRequired":true,"valueName":"search_term_string"}}],"inLanguage":"es"},{"@type":"Organization","@id":"https:\/\/cavadeoro.mx\/#organization","name":"Tequila Cava de Oro","url":"https:\/\/cavadeoro.mx\/","logo":{"@type":"ImageObject","inLanguage":"es","@id":"https:\/\/cavadeoro.mx\/#\/schema\/logo\/image\/","url":"https:\/\/cavadeoro.mx\/wp-content\/uploads\/2022\/04\/cropped-Logo-menu.png","contentUrl":"https:\/\/cavadeoro.mx\/wp-content\/uploads\/2022\/04\/cropped-Logo-menu.png","width":92,"height":66,"caption":"Tequila Cava de Oro"},"image":{"@id":"https:\/\/cavadeoro.mx\/#\/schema\/logo\/image\/"},"sameAs":["https:\/\/facebook.com\/cavadeoro","https:\/\/instagram.com\/cavadeoro"]}]}},"lang":"es","translations":{"es":17935},"pll_sync_post":[],"_links":{"self":[{"href":"https:\/\/cavadeoro.mx\/index.php?rest_route=\/wp\/v2\/product\/17935","targetHints":{"allow":["GET"]}}],"collection":[{"href":"https:\/\/cavadeoro.mx\/index.php?rest_route=\/wp\/v2\/product"}],"about":[{"href":"https:\/\/cavadeoro.mx\/index.php?rest_route=\/wp\/v2\/types\/product"}],"version-history":[{"count":13,"href":"https:\/\/cavadeoro.mx\/index.php?rest_route=\/wp\/v2\/product\/17935\/revisions"}],"predecessor-version":[{"id":19947,"href":"https:\/\/cavadeoro.mx\/index.php?rest_route=\/wp\/v2\/product\/17935\/revisions\/19947"}],"wp:featuredmedia":[{"embeddable":true,"href":"https:\/\/cavadeoro.mx\/index.php?rest_route=\/wp\/v2\/media\/18098"}],"wp:attachment":[{"href":"https:\/\/cavadeoro.mx\/index.php?rest_route=%2Fwp%2Fv2%2Fmedia&parent=17935"}],"wp:term":[{"taxonomy":"product_brand","embeddable":true,"href":"https:\/\/cavadeoro.mx\/index.php?rest_route=%2Fwp%2Fv2%2Fproduct_brand&post=17935"},{"taxonomy":"product_cat","embeddable":true,"href":"https:\/\/cavadeoro.mx\/index.php?rest_route=%2Fwp%2Fv2%2Fproduct_cat&post=17935"},{"taxonomy":"product_tag","embeddable":true,"href":"https:\/\/cavadeoro.mx\/index.php?rest_route=%2Fwp%2Fv2%2Fproduct_tag&post=17935"}],"curies":[{"name":"wp","href":"https:\/\/api.w.org\/{rel}","templated":true}]}}