{"id":18479,"date":"2024-11-11T13:44:12","date_gmt":"2024-11-11T19:44:12","guid":{"rendered":"https:\/\/cavadeoro.mx\/?post_type=product&#038;p=18479"},"modified":"2025-06-04T12:28:14","modified_gmt":"2025-06-04T18:28:14","slug":"tequila-extra-anejo-black-gran-reserva-de-don-alberto","status":"publish","type":"product","link":"https:\/\/cavadeoro.mx\/?product=tequila-extra-anejo-black-gran-reserva-de-don-alberto","title":{"rendered":"Tequila Extra A\u00f1ejo Black Gran Reserva de Don Alberto"},"content":{"rendered":"<h3 style=\"text-align: center;\"><strong>Tequila Extra A\u00f1ejo Black Gran Reserva de Don Alberto<\/strong><\/h3>\n<p style=\"text-align: center;\"><strong>Edici\u00f3n limitada, 100 meses de envejecimiento.<\/strong><\/p>\n<p><img fetchpriority=\"high\" decoding=\"async\" class=\"aligncenter wp-image-13429 \" src=\"https:\/\/cavadeoro.mx\/wp-content\/uploads\/2022\/07\/Perfil-del-tequila_Mesa-de-trabajo-1-1024x322.png\" sizes=\"(max-width: 602px) 100vw, 602px\" srcset=\"https:\/\/cavadeoro.mx\/wp-content\/uploads\/2022\/07\/Perfil-del-tequila_Mesa-de-trabajo-1-1024x322.png 1024w, https:\/\/cavadeoro.mx\/wp-content\/uploads\/2022\/07\/Perfil-del-tequila_Mesa-de-trabajo-1-700x220.png 700w, https:\/\/cavadeoro.mx\/wp-content\/uploads\/2022\/07\/Perfil-del-tequila_Mesa-de-trabajo-1-300x94.png 300w, https:\/\/cavadeoro.mx\/wp-content\/uploads\/2022\/07\/Perfil-del-tequila_Mesa-de-trabajo-1-768x241.png 768w, https:\/\/cavadeoro.mx\/wp-content\/uploads\/2022\/07\/Perfil-del-tequila_Mesa-de-trabajo-1-500x157.png 500w, https:\/\/cavadeoro.mx\/wp-content\/uploads\/2022\/07\/Perfil-del-tequila_Mesa-de-trabajo-1-600x189.png 600w, https:\/\/cavadeoro.mx\/wp-content\/uploads\/2022\/07\/Perfil-del-tequila_Mesa-de-trabajo-1.png 1123w\" alt=\"\" width=\"602\" height=\"189\" \/><\/p>\n<h4 style=\"text-align: center;\"><strong>Color y cuerpo:<\/strong> Tono \u00e1mbar oscuro, fuerte en boca.<\/h4>\n<h4 style=\"text-align: center;\"><strong>Aroma: <\/strong>Agave cocido, pimienta negra, roble, mantequilla y aromas tostados.<\/h4>\n<h4 style=\"text-align: center;\"><strong>Gusto: <\/strong>Notas a agave cocido con frutos secos y mantequilla.<\/h4>\n<p>&nbsp;<\/p>\n<p><img decoding=\"async\" class=\"wp-image-12542 aligncenter\" src=\"https:\/\/cavadeoro.mx\/wp-content\/uploads\/2020\/02\/CAVA-DE-ORO-NOM-Negro-300x68.png\" alt=\"\" width=\"172\" height=\"39\" srcset=\"https:\/\/cavadeoro.mx\/wp-content\/uploads\/2020\/02\/CAVA-DE-ORO-NOM-Negro-300x68.png 300w, https:\/\/cavadeoro.mx\/wp-content\/uploads\/2020\/02\/CAVA-DE-ORO-NOM-Negro-700x158.png 700w, https:\/\/cavadeoro.mx\/wp-content\/uploads\/2020\/02\/CAVA-DE-ORO-NOM-Negro-768x174.png 768w, https:\/\/cavadeoro.mx\/wp-content\/uploads\/2020\/02\/CAVA-DE-ORO-NOM-Negro-500x113.png 500w, https:\/\/cavadeoro.mx\/wp-content\/uploads\/2020\/02\/CAVA-DE-ORO-NOM-Negro-600x136.png 600w, https:\/\/cavadeoro.mx\/wp-content\/uploads\/2020\/02\/CAVA-DE-ORO-NOM-Negro.png 773w\" sizes=\"(max-width: 172px) 100vw, 172px\" \/><\/p>\n<p>&nbsp;<\/p>\n<p style=\"text-align: center;\"><a href=\"https:\/\/cavadeoro.mx\/wp-content\/uploads\/2021\/03\/ficha-tequila-extra-anejo.pdf\" target=\"_blank\" rel=\"noopener\">Descarga la ficha t\u00e9cnica<\/a><\/p>\n","protected":false},"excerpt":{"rendered":"<p><strong>Edici\u00f3n limitada, 100 meses de envejecimiento.<\/strong><\/p>\n<p>&nbsp;<\/p>\n<p><img decoding=\"async\" class=\"wp-image-11871 alignnone\" src=\"https:\/\/cavadeoro.mx\/wp-content\/uploads\/2021\/06\/CAVA-DE-ORO-100-negro-300x107.png\" alt=\"\" width=\"185\" height=\"66\" srcset=\"https:\/\/cavadeoro.mx\/wp-content\/uploads\/2021\/06\/CAVA-DE-ORO-100-negro-300x107.png 300w, https:\/\/cavadeoro.mx\/wp-content\/uploads\/2021\/06\/CAVA-DE-ORO-100-negro-500x178.png 500w, https:\/\/cavadeoro.mx\/wp-content\/uploads\/2021\/06\/CAVA-DE-ORO-100-negro-600x213.png 600w, https:\/\/cavadeoro.mx\/wp-content\/uploads\/2021\/06\/CAVA-DE-ORO-100-negro.png 650w\" sizes=\"(max-width: 185px) 100vw, 185px\" \/><br \/>\n<strong>40% Alc. Vol. |<\/strong><b>\u00a0<\/b><b>750 ml<br \/>\n<\/b>Env\u00edo a todo M\u00e9xico.<\/p>\n","protected":false},"featured_media":18484,"template":"","meta":[],"product_brand":[],"product_cat":[142],"product_tag":[445,76,73,70],"class_list":{"0":"post-18479","1":"product","2":"type-product","3":"status-publish","4":"has-post-thumbnail","6":"product_cat-gran-reserva","7":"product_tag-don-alberto","8":"product_tag-extra-anejo","9":"product_tag-mexico","10":"product_tag-tequila","12":"first","13":"instock","14":"shipping-taxable","15":"purchasable","16":"product-type-simple"},"yoast_head":"<!-- This site is optimized with the Yoast SEO Premium plugin v22.8 (Yoast SEO v27.3) - https:\/\/yoast.com\/product\/yoast-seo-premium-wordpress\/ -->\n<title>Tequila Extra A\u00f1ejo Black Gran Reserva de Don Alberto - Tequila Cava de Oro<\/title>\n<meta name=\"description\" content=\"Tequila Extra A\u00f1ejo Black Gran Reserva de Don Alberto. Edici\u00f3n limitada, 100 meses de envejecimiento. Con env\u00edo a todo M\u00e9xico. NOM 1477.\" \/>\n<meta name=\"robots\" content=\"index, follow, max-snippet:-1, max-image-preview:large, max-video-preview:-1\" \/>\n<link rel=\"canonical\" href=\"https:\/\/cavadeoro.mx\/?product=tequila-extra-anejo-black-gran-reserva-de-don-alberto\" \/>\n<meta property=\"og:locale\" content=\"es_MX\" \/>\n<meta property=\"og:type\" content=\"article\" \/>\n<meta property=\"og:title\" content=\"Tequila Extra A\u00f1ejo Black Gran Reserva de Don Alberto\" \/>\n<meta property=\"og:description\" content=\"Tequila Extra A\u00f1ejo Black Gran Reserva de Don Alberto. Edici\u00f3n limitada, 100 meses de envejecimiento. Con env\u00edo a todo M\u00e9xico. NOM 1477.\" \/>\n<meta property=\"og:url\" content=\"https:\/\/cavadeoro.mx\/?product=tequila-extra-anejo-black-gran-reserva-de-don-alberto\" \/>\n<meta property=\"og:site_name\" content=\"Tequila Cava de Oro\" \/>\n<meta property=\"article:publisher\" content=\"https:\/\/facebook.com\/cavadeoro\" \/>\n<meta property=\"article:modified_time\" content=\"2025-06-04T18:28:14+00:00\" \/>\n<meta property=\"og:image\" content=\"https:\/\/cavadeoro.mx\/wp-content\/uploads\/2024\/11\/Black-png.avif\" \/>\n\t<meta property=\"og:image:width\" content=\"1380\" \/>\n\t<meta property=\"og:image:height\" content=\"1725\" \/>\n\t<meta property=\"og:image:type\" content=\"image\/png\" \/>\n<meta name=\"twitter:card\" content=\"summary_large_image\" \/>\n<meta name=\"twitter:label1\" content=\"Tiempo de lectura\" \/>\n\t<meta name=\"twitter:data1\" content=\"1 minuto\" \/>\n<script type=\"application\/ld+json\" class=\"yoast-schema-graph\">{\"@context\":\"https:\\\/\\\/schema.org\",\"@graph\":[{\"@type\":\"WebPage\",\"@id\":\"https:\\\/\\\/cavadeoro.mx\\\/?product=tequila-extra-anejo-black-gran-reserva-de-don-alberto\",\"url\":\"https:\\\/\\\/cavadeoro.mx\\\/?product=tequila-extra-anejo-black-gran-reserva-de-don-alberto\",\"name\":\"Tequila Extra A\u00f1ejo Black Gran Reserva de Don Alberto - Tequila Cava de Oro\",\"isPartOf\":{\"@id\":\"https:\\\/\\\/cavadeoro.mx\\\/#website\"},\"primaryImageOfPage\":{\"@id\":\"https:\\\/\\\/cavadeoro.mx\\\/?product=tequila-extra-anejo-black-gran-reserva-de-don-alberto#primaryimage\"},\"image\":{\"@id\":\"https:\\\/\\\/cavadeoro.mx\\\/?product=tequila-extra-anejo-black-gran-reserva-de-don-alberto#primaryimage\"},\"thumbnailUrl\":\"https:\\\/\\\/cavadeoro.mx\\\/wp-content\\\/uploads\\\/2024\\\/11\\\/Black-png.avif\",\"datePublished\":\"2024-11-11T19:44:12+00:00\",\"dateModified\":\"2025-06-04T18:28:14+00:00\",\"description\":\"Tequila Extra A\u00f1ejo Black Gran Reserva de Don Alberto. Edici\u00f3n limitada, 100 meses de envejecimiento. Con env\u00edo a todo M\u00e9xico. NOM 1477.\",\"breadcrumb\":{\"@id\":\"https:\\\/\\\/cavadeoro.mx\\\/?product=tequila-extra-anejo-black-gran-reserva-de-don-alberto#breadcrumb\"},\"inLanguage\":\"es\",\"potentialAction\":[{\"@type\":\"ReadAction\",\"target\":[\"https:\\\/\\\/cavadeoro.mx\\\/?product=tequila-extra-anejo-black-gran-reserva-de-don-alberto\"]}]},{\"@type\":\"ImageObject\",\"inLanguage\":\"es\",\"@id\":\"https:\\\/\\\/cavadeoro.mx\\\/?product=tequila-extra-anejo-black-gran-reserva-de-don-alberto#primaryimage\",\"url\":\"https:\\\/\\\/cavadeoro.mx\\\/wp-content\\\/uploads\\\/2024\\\/11\\\/Black-png.avif\",\"contentUrl\":\"https:\\\/\\\/cavadeoro.mx\\\/wp-content\\\/uploads\\\/2024\\\/11\\\/Black-png.avif\",\"width\":1380,\"height\":1725},{\"@type\":\"BreadcrumbList\",\"@id\":\"https:\\\/\\\/cavadeoro.mx\\\/?product=tequila-extra-anejo-black-gran-reserva-de-don-alberto#breadcrumb\",\"itemListElement\":[{\"@type\":\"ListItem\",\"position\":1,\"name\":\"Portada\",\"item\":\"https:\\\/\\\/cavadeoro.mx\\\/?page_id=14294&lang=en\"},{\"@type\":\"ListItem\",\"position\":2,\"name\":\"TIENDA\",\"item\":\"https:\\\/\\\/cavadeoro.mx\\\/?page_id=401\"},{\"@type\":\"ListItem\",\"position\":3,\"name\":\"Tequila Extra A\u00f1ejo Black Gran Reserva de Don Alberto\"}]},{\"@type\":\"WebSite\",\"@id\":\"https:\\\/\\\/cavadeoro.mx\\\/#website\",\"url\":\"https:\\\/\\\/cavadeoro.mx\\\/\",\"name\":\"Tequila Cava de Oro\",\"description\":\"100% Agave Azul\",\"publisher\":{\"@id\":\"https:\\\/\\\/cavadeoro.mx\\\/#organization\"},\"potentialAction\":[{\"@type\":\"SearchAction\",\"target\":{\"@type\":\"EntryPoint\",\"urlTemplate\":\"https:\\\/\\\/cavadeoro.mx\\\/?s={search_term_string}\"},\"query-input\":{\"@type\":\"PropertyValueSpecification\",\"valueRequired\":true,\"valueName\":\"search_term_string\"}}],\"inLanguage\":\"es\"},{\"@type\":\"Organization\",\"@id\":\"https:\\\/\\\/cavadeoro.mx\\\/#organization\",\"name\":\"Tequila Cava de Oro\",\"url\":\"https:\\\/\\\/cavadeoro.mx\\\/\",\"logo\":{\"@type\":\"ImageObject\",\"inLanguage\":\"es\",\"@id\":\"https:\\\/\\\/cavadeoro.mx\\\/#\\\/schema\\\/logo\\\/image\\\/\",\"url\":\"https:\\\/\\\/cavadeoro.mx\\\/wp-content\\\/uploads\\\/2022\\\/04\\\/cropped-Logo-menu.png\",\"contentUrl\":\"https:\\\/\\\/cavadeoro.mx\\\/wp-content\\\/uploads\\\/2022\\\/04\\\/cropped-Logo-menu.png\",\"width\":92,\"height\":66,\"caption\":\"Tequila Cava de Oro\"},\"image\":{\"@id\":\"https:\\\/\\\/cavadeoro.mx\\\/#\\\/schema\\\/logo\\\/image\\\/\"},\"sameAs\":[\"https:\\\/\\\/facebook.com\\\/cavadeoro\",\"https:\\\/\\\/instagram.com\\\/cavadeoro\"]}]}<\/script>\n<!-- \/ Yoast SEO Premium plugin. -->","yoast_head_json":{"title":"Tequila Extra A\u00f1ejo Black Gran Reserva de Don Alberto - Tequila Cava de Oro","description":"Tequila Extra A\u00f1ejo Black Gran Reserva de Don Alberto. Edici\u00f3n limitada, 100 meses de envejecimiento. Con env\u00edo a todo M\u00e9xico. NOM 1477.","robots":{"index":"index","follow":"follow","max-snippet":"max-snippet:-1","max-image-preview":"max-image-preview:large","max-video-preview":"max-video-preview:-1"},"canonical":"https:\/\/cavadeoro.mx\/?product=tequila-extra-anejo-black-gran-reserva-de-don-alberto","og_locale":"es_MX","og_type":"article","og_title":"Tequila Extra A\u00f1ejo Black Gran Reserva de Don Alberto","og_description":"Tequila Extra A\u00f1ejo Black Gran Reserva de Don Alberto. Edici\u00f3n limitada, 100 meses de envejecimiento. Con env\u00edo a todo M\u00e9xico. NOM 1477.","og_url":"https:\/\/cavadeoro.mx\/?product=tequila-extra-anejo-black-gran-reserva-de-don-alberto","og_site_name":"Tequila Cava de Oro","article_publisher":"https:\/\/facebook.com\/cavadeoro","article_modified_time":"2025-06-04T18:28:14+00:00","og_image":[{"width":1380,"height":1725,"url":"https:\/\/cavadeoro.mx\/wp-content\/uploads\/2024\/11\/Black-png.avif","type":"image\/png"}],"twitter_card":"summary_large_image","twitter_misc":{"Tiempo de lectura":"1 minuto"},"schema":{"@context":"https:\/\/schema.org","@graph":[{"@type":"WebPage","@id":"https:\/\/cavadeoro.mx\/?product=tequila-extra-anejo-black-gran-reserva-de-don-alberto","url":"https:\/\/cavadeoro.mx\/?product=tequila-extra-anejo-black-gran-reserva-de-don-alberto","name":"Tequila Extra A\u00f1ejo Black Gran Reserva de Don Alberto - Tequila Cava de Oro","isPartOf":{"@id":"https:\/\/cavadeoro.mx\/#website"},"primaryImageOfPage":{"@id":"https:\/\/cavadeoro.mx\/?product=tequila-extra-anejo-black-gran-reserva-de-don-alberto#primaryimage"},"image":{"@id":"https:\/\/cavadeoro.mx\/?product=tequila-extra-anejo-black-gran-reserva-de-don-alberto#primaryimage"},"thumbnailUrl":"https:\/\/cavadeoro.mx\/wp-content\/uploads\/2024\/11\/Black-png.avif","datePublished":"2024-11-11T19:44:12+00:00","dateModified":"2025-06-04T18:28:14+00:00","description":"Tequila Extra A\u00f1ejo Black Gran Reserva de Don Alberto. Edici\u00f3n limitada, 100 meses de envejecimiento. Con env\u00edo a todo M\u00e9xico. NOM 1477.","breadcrumb":{"@id":"https:\/\/cavadeoro.mx\/?product=tequila-extra-anejo-black-gran-reserva-de-don-alberto#breadcrumb"},"inLanguage":"es","potentialAction":[{"@type":"ReadAction","target":["https:\/\/cavadeoro.mx\/?product=tequila-extra-anejo-black-gran-reserva-de-don-alberto"]}]},{"@type":"ImageObject","inLanguage":"es","@id":"https:\/\/cavadeoro.mx\/?product=tequila-extra-anejo-black-gran-reserva-de-don-alberto#primaryimage","url":"https:\/\/cavadeoro.mx\/wp-content\/uploads\/2024\/11\/Black-png.avif","contentUrl":"https:\/\/cavadeoro.mx\/wp-content\/uploads\/2024\/11\/Black-png.avif","width":1380,"height":1725},{"@type":"BreadcrumbList","@id":"https:\/\/cavadeoro.mx\/?product=tequila-extra-anejo-black-gran-reserva-de-don-alberto#breadcrumb","itemListElement":[{"@type":"ListItem","position":1,"name":"Portada","item":"https:\/\/cavadeoro.mx\/?page_id=14294&lang=en"},{"@type":"ListItem","position":2,"name":"TIENDA","item":"https:\/\/cavadeoro.mx\/?page_id=401"},{"@type":"ListItem","position":3,"name":"Tequila Extra A\u00f1ejo Black Gran Reserva de Don Alberto"}]},{"@type":"WebSite","@id":"https:\/\/cavadeoro.mx\/#website","url":"https:\/\/cavadeoro.mx\/","name":"Tequila Cava de Oro","description":"100% Agave Azul","publisher":{"@id":"https:\/\/cavadeoro.mx\/#organization"},"potentialAction":[{"@type":"SearchAction","target":{"@type":"EntryPoint","urlTemplate":"https:\/\/cavadeoro.mx\/?s={search_term_string}"},"query-input":{"@type":"PropertyValueSpecification","valueRequired":true,"valueName":"search_term_string"}}],"inLanguage":"es"},{"@type":"Organization","@id":"https:\/\/cavadeoro.mx\/#organization","name":"Tequila Cava de Oro","url":"https:\/\/cavadeoro.mx\/","logo":{"@type":"ImageObject","inLanguage":"es","@id":"https:\/\/cavadeoro.mx\/#\/schema\/logo\/image\/","url":"https:\/\/cavadeoro.mx\/wp-content\/uploads\/2022\/04\/cropped-Logo-menu.png","contentUrl":"https:\/\/cavadeoro.mx\/wp-content\/uploads\/2022\/04\/cropped-Logo-menu.png","width":92,"height":66,"caption":"Tequila Cava de Oro"},"image":{"@id":"https:\/\/cavadeoro.mx\/#\/schema\/logo\/image\/"},"sameAs":["https:\/\/facebook.com\/cavadeoro","https:\/\/instagram.com\/cavadeoro"]}]}},"lang":"es","translations":{"es":18479},"pll_sync_post":[],"_links":{"self":[{"href":"https:\/\/cavadeoro.mx\/index.php?rest_route=\/wp\/v2\/product\/18479","targetHints":{"allow":["GET"]}}],"collection":[{"href":"https:\/\/cavadeoro.mx\/index.php?rest_route=\/wp\/v2\/product"}],"about":[{"href":"https:\/\/cavadeoro.mx\/index.php?rest_route=\/wp\/v2\/types\/product"}],"version-history":[{"count":1,"href":"https:\/\/cavadeoro.mx\/index.php?rest_route=\/wp\/v2\/product\/18479\/revisions"}],"predecessor-version":[{"id":18481,"href":"https:\/\/cavadeoro.mx\/index.php?rest_route=\/wp\/v2\/product\/18479\/revisions\/18481"}],"wp:featuredmedia":[{"embeddable":true,"href":"https:\/\/cavadeoro.mx\/index.php?rest_route=\/wp\/v2\/media\/18484"}],"wp:attachment":[{"href":"https:\/\/cavadeoro.mx\/index.php?rest_route=%2Fwp%2Fv2%2Fmedia&parent=18479"}],"wp:term":[{"taxonomy":"product_brand","embeddable":true,"href":"https:\/\/cavadeoro.mx\/index.php?rest_route=%2Fwp%2Fv2%2Fproduct_brand&post=18479"},{"taxonomy":"product_cat","embeddable":true,"href":"https:\/\/cavadeoro.mx\/index.php?rest_route=%2Fwp%2Fv2%2Fproduct_cat&post=18479"},{"taxonomy":"product_tag","embeddable":true,"href":"https:\/\/cavadeoro.mx\/index.php?rest_route=%2Fwp%2Fv2%2Fproduct_tag&post=18479"}],"curies":[{"name":"wp","href":"https:\/\/api.w.org\/{rel}","templated":true}]}}