{"id":9364,"date":"2023-05-20T12:26:49","date_gmt":"2023-05-20T18:26:49","guid":{"rendered":"https:\/\/cavadeoro.mx\/?post_type=product&#038;p=9364"},"modified":"2025-01-29T10:42:37","modified_gmt":"2025-01-29T16:42:37","slug":"tequila-cristalino-mini-arte-huichol","status":"publish","type":"product","link":"https:\/\/cavadeoro.mx\/?product=tequila-cristalino-mini-arte-huichol","title":{"rendered":"Tequila Cristalino + Mini Arte Huichol"},"content":{"rendered":"<p style=\"text-align: center;\"><strong><img fetchpriority=\"high\" decoding=\"async\" class=\"aligncenter wp-image-17604 size-full\" src=\"https:\/\/cavadeoro.mx\/wp-content\/uploads\/2023\/05\/anejo-cristalino-jpg.webp\" alt=\"\" width=\"1200\" height=\"675\" srcset=\"https:\/\/cavadeoro.mx\/wp-content\/uploads\/2023\/05\/anejo-cristalino-jpg.webp 1200w, https:\/\/cavadeoro.mx\/wp-content\/uploads\/2023\/05\/anejo-cristalino-300x169.webp 300w, https:\/\/cavadeoro.mx\/wp-content\/uploads\/2023\/05\/anejo-cristalino-1024x576.webp 1024w, https:\/\/cavadeoro.mx\/wp-content\/uploads\/2023\/05\/anejo-cristalino-768x432.webp 768w, https:\/\/cavadeoro.mx\/wp-content\/uploads\/2023\/05\/anejo-cristalino-500x281.webp 500w, https:\/\/cavadeoro.mx\/wp-content\/uploads\/2023\/05\/anejo-cristalino-700x394.webp 700w\" sizes=\"(max-width: 1200px) 100vw, 1200px\" \/><\/strong><\/p>\n<h3 style=\"text-align: center;\"><strong>Tequila A\u00f1ejo Cristalino + Mini Arte Huichol<\/strong><\/h3>\n<p style=\"text-align: center;\"><span style=\"color: #993300;\"><em>Luego de tu compra te llegar\u00e1 v\u00eda whatsapp el cat\u00e1logo de miniaturas disponibles para escoger la tuya.<\/em><\/span><\/p>\n<p>&nbsp;<\/p>\n<p style=\"text-align: center;\">Nuestro\u00a0<strong>Tequila A\u00f1ejo Cristalino Cava de Oro,<\/strong>\u00a0un destilado a\u00f1ejado por 24 meses en barricas de roble blanco franc\u00e9s, obteniendo la complejidad de un Tequila A\u00f1ejo, y posteriormente filtrado en un proceso con carb\u00f3n activado, que le da el toque perfecto entre su textura sedosa, tonos luminosos y cristalinos.<\/p>\n<p style=\"text-align: center;\"><img decoding=\"async\" class=\"aligncenter wp-image-13429 \" src=\"https:\/\/cavadeoro.mx\/wp-content\/uploads\/2022\/07\/Perfil-del-tequila_Mesa-de-trabajo-1-1024x322.png\" sizes=\"(max-width: 602px) 100vw, 602px\" srcset=\"https:\/\/cavadeoro.mx\/wp-content\/uploads\/2022\/07\/Perfil-del-tequila_Mesa-de-trabajo-1-1024x322.png 1024w, https:\/\/cavadeoro.mx\/wp-content\/uploads\/2022\/07\/Perfil-del-tequila_Mesa-de-trabajo-1-300x94.png 300w, https:\/\/cavadeoro.mx\/wp-content\/uploads\/2022\/07\/Perfil-del-tequila_Mesa-de-trabajo-1-768x241.png 768w, https:\/\/cavadeoro.mx\/wp-content\/uploads\/2022\/07\/Perfil-del-tequila_Mesa-de-trabajo-1-500x157.png 500w, https:\/\/cavadeoro.mx\/wp-content\/uploads\/2022\/07\/Perfil-del-tequila_Mesa-de-trabajo-1-600x189.png 600w, https:\/\/cavadeoro.mx\/wp-content\/uploads\/2022\/07\/Perfil-del-tequila_Mesa-de-trabajo-1.png 1123w\" alt=\"\" width=\"602\" height=\"189\" \/><\/p>\n<h3 style=\"text-align: center;\"><strong>COLOR:<\/strong>\u00a0MATICES BRILLANTES Y TONOS LUMINOSOS PLATEADOS.<\/h3>\n<h3 style=\"text-align: center;\"><strong>AROMA:<\/strong>\u00a0MULTITUD DE AROMAS FRUTALES Y A ROBLE TOSTADO.<\/h3>\n<h3 style=\"text-align: center;\"><strong>SABOR:<\/strong>\u00a0SU FRUTAL SUAVIDAD SE CONVIERTE EN UN AMPULOSO Y LARGO FINAL.<\/h3>\n<p style=\"text-align: center;\"><img decoding=\"async\" class=\"wp-image-13436 size-full aligncenter\" src=\"https:\/\/cavadeoro.mx\/wp-content\/uploads\/2022\/07\/banner-an%CC%83ejo-critalino.png\" sizes=\"(max-width: 1800px) 100vw, 1800px\" srcset=\"https:\/\/cavadeoro.mx\/wp-content\/uploads\/2022\/07\/banner-an\u0303ejo-critalino.png 1800w, https:\/\/cavadeoro.mx\/wp-content\/uploads\/2022\/07\/banner-an\u0303ejo-critalino-300x73.png 300w, https:\/\/cavadeoro.mx\/wp-content\/uploads\/2022\/07\/banner-an\u0303ejo-critalino-1024x250.png 1024w, https:\/\/cavadeoro.mx\/wp-content\/uploads\/2022\/07\/banner-an\u0303ejo-critalino-768x187.png 768w, https:\/\/cavadeoro.mx\/wp-content\/uploads\/2022\/07\/banner-an\u0303ejo-critalino-1536x375.png 1536w, https:\/\/cavadeoro.mx\/wp-content\/uploads\/2022\/07\/banner-an\u0303ejo-critalino-500x122.png 500w, https:\/\/cavadeoro.mx\/wp-content\/uploads\/2022\/07\/banner-an\u0303ejo-critalino-600x146.png 600w\" alt=\"\" width=\"1800\" height=\"439\" \/><\/p>\n<h4 style=\"text-align: center;\"><img loading=\"lazy\" decoding=\"async\" class=\" wp-image-12542 aligncenter\" src=\"https:\/\/cavadeoro.mx\/wp-content\/uploads\/2020\/02\/CAVA-DE-ORO-NOM-Negro-300x68.png\" sizes=\"(max-width: 181px) 100vw, 181px\" srcset=\"https:\/\/cavadeoro.mx\/wp-content\/uploads\/2020\/02\/CAVA-DE-ORO-NOM-Negro-300x68.png 300w, https:\/\/cavadeoro.mx\/wp-content\/uploads\/2020\/02\/CAVA-DE-ORO-NOM-Negro-768x174.png 768w, https:\/\/cavadeoro.mx\/wp-content\/uploads\/2020\/02\/CAVA-DE-ORO-NOM-Negro-500x113.png 500w, https:\/\/cavadeoro.mx\/wp-content\/uploads\/2020\/02\/CAVA-DE-ORO-NOM-Negro-600x136.png 600w, https:\/\/cavadeoro.mx\/wp-content\/uploads\/2020\/02\/CAVA-DE-ORO-NOM-Negro.png 773w\" alt=\"\" width=\"181\" height=\"41\" \/><\/h4>\n<p style=\"text-align: center;\"><em><strong>Dise\u00f1os \u00fanicos, elaborados en la regi\u00f3n. \u00a1No encontrar\u00e1s dos iguales!<\/strong><\/em><\/p>\n<p style=\"text-align: center;\">Tequila A\u00f1ejo Cristalino | Mini Arte Huichol<\/p>\n<p style=\"text-align: center;\">\n","protected":false},"excerpt":{"rendered":"<p><strong>Tequila A\u00f1ejo filtrado en un proceso de Carb\u00f3n Activado +\u00a0botellita mini de 50 ml con Arte Wix\u00e1rika.<\/strong><\/p>\n<p><img loading=\"lazy\" decoding=\"async\" class=\"wp-image-11871 alignnone\" src=\"https:\/\/cavadeoro.mx\/wp-content\/uploads\/2021\/06\/CAVA-DE-ORO-100-negro-300x107.png\" alt=\"\" width=\"185\" height=\"66\" srcset=\"https:\/\/cavadeoro.mx\/wp-content\/uploads\/2021\/06\/CAVA-DE-ORO-100-negro-300x107.png 300w, https:\/\/cavadeoro.mx\/wp-content\/uploads\/2021\/06\/CAVA-DE-ORO-100-negro-500x178.png 500w, https:\/\/cavadeoro.mx\/wp-content\/uploads\/2021\/06\/CAVA-DE-ORO-100-negro-600x213.png 600w, https:\/\/cavadeoro.mx\/wp-content\/uploads\/2021\/06\/CAVA-DE-ORO-100-negro.png 650w\" sizes=\"(max-width: 185px) 100vw, 185px\" \/><br \/>\n<strong>38% Alc. Vol. |<\/strong><b>\u00a0<\/b><b>750 ml<br \/>\n<\/b>Env\u00edo a todo M\u00e9xico.<\/p>\n<p><strong>Mini Huichol:\u00a0<\/strong>Al realizar tu compra te llegar\u00e1 v\u00eda whatsapp un catalogo para escoger el Arte de tu Huichol Mini de 50ml.<\/p>\n","protected":false},"featured_media":15987,"template":"","meta":[],"product_brand":[],"product_cat":[136,116,134],"product_tag":[77,431,143,70],"class_list":{"0":"post-9364","1":"product","2":"type-product","3":"status-publish","4":"has-post-thumbnail","6":"product_cat-arte-huichol","7":"product_cat-coleccionable","8":"product_cat-tequila-edicion-especial","9":"product_tag-anejo","10":"product_tag-arte-huichol","11":"product_tag-cristalino","12":"product_tag-tequila","14":"first","15":"instock","16":"shipping-taxable","17":"purchasable","18":"product-type-simple"},"yoast_head":"<!-- This site is optimized with the Yoast SEO Premium plugin v22.8 (Yoast SEO v27.3) - https:\/\/yoast.com\/product\/yoast-seo-premium-wordpress\/ -->\n<title>Tequila Cristalino + Mini Arte Huichol - Tequila Cava de Oro<\/title>\n<meta name=\"description\" content=\"Tequila A\u00f1ejo Cristalino | Mini Arte Huichol. Una cultura \u00fanica unida en una misma pieza con el Arte del Tequila. Pieza \u00danica.\" \/>\n<meta name=\"robots\" content=\"index, follow, max-snippet:-1, max-image-preview:large, max-video-preview:-1\" \/>\n<link rel=\"canonical\" href=\"https:\/\/cavadeoro.mx\/?product=tequila-cristalino-mini-arte-huichol\" \/>\n<meta property=\"og:locale\" content=\"es_MX\" \/>\n<meta property=\"og:type\" content=\"article\" \/>\n<meta property=\"og:title\" content=\"Tequila Cristalino + Mini Arte Huichol\" \/>\n<meta property=\"og:description\" content=\"Tequila A\u00f1ejo Cristalino | Mini Arte Huichol. Una cultura \u00fanica unida en una misma pieza con el Arte del Tequila. Pieza \u00danica.\" \/>\n<meta property=\"og:url\" content=\"https:\/\/cavadeoro.mx\/?product=tequila-cristalino-mini-arte-huichol\" \/>\n<meta property=\"og:site_name\" content=\"Tequila Cava de Oro\" \/>\n<meta property=\"article:publisher\" content=\"https:\/\/facebook.com\/cavadeoro\" \/>\n<meta property=\"article:modified_time\" content=\"2025-01-29T16:42:37+00:00\" \/>\n<meta property=\"og:image\" content=\"https:\/\/cavadeoro.mx\/wp-content\/uploads\/2023\/01\/Cristalino-mini-web.png\" \/>\n\t<meta property=\"og:image:width\" content=\"1080\" \/>\n\t<meta property=\"og:image:height\" content=\"1350\" \/>\n\t<meta property=\"og:image:type\" content=\"image\/png\" \/>\n<meta name=\"twitter:card\" content=\"summary_large_image\" \/>\n<meta name=\"twitter:label1\" content=\"Tiempo de lectura\" \/>\n\t<meta name=\"twitter:data1\" content=\"2 minutos\" \/>\n<script type=\"application\/ld+json\" class=\"yoast-schema-graph\">{\"@context\":\"https:\\\/\\\/schema.org\",\"@graph\":[{\"@type\":\"WebPage\",\"@id\":\"https:\\\/\\\/cavadeoro.mx\\\/?product=tequila-cristalino-mini-arte-huichol\",\"url\":\"https:\\\/\\\/cavadeoro.mx\\\/?product=tequila-cristalino-mini-arte-huichol\",\"name\":\"Tequila Cristalino + Mini Arte Huichol - Tequila Cava de Oro\",\"isPartOf\":{\"@id\":\"https:\\\/\\\/cavadeoro.mx\\\/#website\"},\"primaryImageOfPage\":{\"@id\":\"https:\\\/\\\/cavadeoro.mx\\\/?product=tequila-cristalino-mini-arte-huichol#primaryimage\"},\"image\":{\"@id\":\"https:\\\/\\\/cavadeoro.mx\\\/?product=tequila-cristalino-mini-arte-huichol#primaryimage\"},\"thumbnailUrl\":\"https:\\\/\\\/cavadeoro.mx\\\/wp-content\\\/uploads\\\/2023\\\/01\\\/Cristalino-mini-web.png\",\"datePublished\":\"2023-05-20T18:26:49+00:00\",\"dateModified\":\"2025-01-29T16:42:37+00:00\",\"description\":\"Tequila A\u00f1ejo Cristalino | Mini Arte Huichol. Una cultura \u00fanica unida en una misma pieza con el Arte del Tequila. Pieza \u00danica.\",\"breadcrumb\":{\"@id\":\"https:\\\/\\\/cavadeoro.mx\\\/?product=tequila-cristalino-mini-arte-huichol#breadcrumb\"},\"inLanguage\":\"es\",\"potentialAction\":[{\"@type\":\"ReadAction\",\"target\":[\"https:\\\/\\\/cavadeoro.mx\\\/?product=tequila-cristalino-mini-arte-huichol\"]}]},{\"@type\":\"ImageObject\",\"inLanguage\":\"es\",\"@id\":\"https:\\\/\\\/cavadeoro.mx\\\/?product=tequila-cristalino-mini-arte-huichol#primaryimage\",\"url\":\"https:\\\/\\\/cavadeoro.mx\\\/wp-content\\\/uploads\\\/2023\\\/01\\\/Cristalino-mini-web.png\",\"contentUrl\":\"https:\\\/\\\/cavadeoro.mx\\\/wp-content\\\/uploads\\\/2023\\\/01\\\/Cristalino-mini-web.png\",\"width\":1080,\"height\":1350},{\"@type\":\"BreadcrumbList\",\"@id\":\"https:\\\/\\\/cavadeoro.mx\\\/?product=tequila-cristalino-mini-arte-huichol#breadcrumb\",\"itemListElement\":[{\"@type\":\"ListItem\",\"position\":1,\"name\":\"Portada\",\"item\":\"https:\\\/\\\/cavadeoro.mx\\\/?page_id=14294&lang=en\"},{\"@type\":\"ListItem\",\"position\":2,\"name\":\"TIENDA\",\"item\":\"https:\\\/\\\/cavadeoro.mx\\\/?page_id=401\"},{\"@type\":\"ListItem\",\"position\":3,\"name\":\"Tequila Cristalino + Mini Arte Huichol\"}]},{\"@type\":\"WebSite\",\"@id\":\"https:\\\/\\\/cavadeoro.mx\\\/#website\",\"url\":\"https:\\\/\\\/cavadeoro.mx\\\/\",\"name\":\"Tequila Cava de Oro\",\"description\":\"100% Agave Azul\",\"publisher\":{\"@id\":\"https:\\\/\\\/cavadeoro.mx\\\/#organization\"},\"potentialAction\":[{\"@type\":\"SearchAction\",\"target\":{\"@type\":\"EntryPoint\",\"urlTemplate\":\"https:\\\/\\\/cavadeoro.mx\\\/?s={search_term_string}\"},\"query-input\":{\"@type\":\"PropertyValueSpecification\",\"valueRequired\":true,\"valueName\":\"search_term_string\"}}],\"inLanguage\":\"es\"},{\"@type\":\"Organization\",\"@id\":\"https:\\\/\\\/cavadeoro.mx\\\/#organization\",\"name\":\"Tequila Cava de Oro\",\"url\":\"https:\\\/\\\/cavadeoro.mx\\\/\",\"logo\":{\"@type\":\"ImageObject\",\"inLanguage\":\"es\",\"@id\":\"https:\\\/\\\/cavadeoro.mx\\\/#\\\/schema\\\/logo\\\/image\\\/\",\"url\":\"https:\\\/\\\/cavadeoro.mx\\\/wp-content\\\/uploads\\\/2022\\\/04\\\/cropped-Logo-menu.png\",\"contentUrl\":\"https:\\\/\\\/cavadeoro.mx\\\/wp-content\\\/uploads\\\/2022\\\/04\\\/cropped-Logo-menu.png\",\"width\":92,\"height\":66,\"caption\":\"Tequila Cava de Oro\"},\"image\":{\"@id\":\"https:\\\/\\\/cavadeoro.mx\\\/#\\\/schema\\\/logo\\\/image\\\/\"},\"sameAs\":[\"https:\\\/\\\/facebook.com\\\/cavadeoro\",\"https:\\\/\\\/instagram.com\\\/cavadeoro\"]}]}<\/script>\n<!-- \/ Yoast SEO Premium plugin. -->","yoast_head_json":{"title":"Tequila Cristalino + Mini Arte Huichol - Tequila Cava de Oro","description":"Tequila A\u00f1ejo Cristalino | Mini Arte Huichol. Una cultura \u00fanica unida en una misma pieza con el Arte del Tequila. Pieza \u00danica.","robots":{"index":"index","follow":"follow","max-snippet":"max-snippet:-1","max-image-preview":"max-image-preview:large","max-video-preview":"max-video-preview:-1"},"canonical":"https:\/\/cavadeoro.mx\/?product=tequila-cristalino-mini-arte-huichol","og_locale":"es_MX","og_type":"article","og_title":"Tequila Cristalino + Mini Arte Huichol","og_description":"Tequila A\u00f1ejo Cristalino | Mini Arte Huichol. Una cultura \u00fanica unida en una misma pieza con el Arte del Tequila. Pieza \u00danica.","og_url":"https:\/\/cavadeoro.mx\/?product=tequila-cristalino-mini-arte-huichol","og_site_name":"Tequila Cava de Oro","article_publisher":"https:\/\/facebook.com\/cavadeoro","article_modified_time":"2025-01-29T16:42:37+00:00","og_image":[{"width":1080,"height":1350,"url":"https:\/\/cavadeoro.mx\/wp-content\/uploads\/2023\/01\/Cristalino-mini-web.png","type":"image\/png"}],"twitter_card":"summary_large_image","twitter_misc":{"Tiempo de lectura":"2 minutos"},"schema":{"@context":"https:\/\/schema.org","@graph":[{"@type":"WebPage","@id":"https:\/\/cavadeoro.mx\/?product=tequila-cristalino-mini-arte-huichol","url":"https:\/\/cavadeoro.mx\/?product=tequila-cristalino-mini-arte-huichol","name":"Tequila Cristalino + Mini Arte Huichol - Tequila Cava de Oro","isPartOf":{"@id":"https:\/\/cavadeoro.mx\/#website"},"primaryImageOfPage":{"@id":"https:\/\/cavadeoro.mx\/?product=tequila-cristalino-mini-arte-huichol#primaryimage"},"image":{"@id":"https:\/\/cavadeoro.mx\/?product=tequila-cristalino-mini-arte-huichol#primaryimage"},"thumbnailUrl":"https:\/\/cavadeoro.mx\/wp-content\/uploads\/2023\/01\/Cristalino-mini-web.png","datePublished":"2023-05-20T18:26:49+00:00","dateModified":"2025-01-29T16:42:37+00:00","description":"Tequila A\u00f1ejo Cristalino | Mini Arte Huichol. Una cultura \u00fanica unida en una misma pieza con el Arte del Tequila. Pieza \u00danica.","breadcrumb":{"@id":"https:\/\/cavadeoro.mx\/?product=tequila-cristalino-mini-arte-huichol#breadcrumb"},"inLanguage":"es","potentialAction":[{"@type":"ReadAction","target":["https:\/\/cavadeoro.mx\/?product=tequila-cristalino-mini-arte-huichol"]}]},{"@type":"ImageObject","inLanguage":"es","@id":"https:\/\/cavadeoro.mx\/?product=tequila-cristalino-mini-arte-huichol#primaryimage","url":"https:\/\/cavadeoro.mx\/wp-content\/uploads\/2023\/01\/Cristalino-mini-web.png","contentUrl":"https:\/\/cavadeoro.mx\/wp-content\/uploads\/2023\/01\/Cristalino-mini-web.png","width":1080,"height":1350},{"@type":"BreadcrumbList","@id":"https:\/\/cavadeoro.mx\/?product=tequila-cristalino-mini-arte-huichol#breadcrumb","itemListElement":[{"@type":"ListItem","position":1,"name":"Portada","item":"https:\/\/cavadeoro.mx\/?page_id=14294&lang=en"},{"@type":"ListItem","position":2,"name":"TIENDA","item":"https:\/\/cavadeoro.mx\/?page_id=401"},{"@type":"ListItem","position":3,"name":"Tequila Cristalino + Mini Arte Huichol"}]},{"@type":"WebSite","@id":"https:\/\/cavadeoro.mx\/#website","url":"https:\/\/cavadeoro.mx\/","name":"Tequila Cava de Oro","description":"100% Agave Azul","publisher":{"@id":"https:\/\/cavadeoro.mx\/#organization"},"potentialAction":[{"@type":"SearchAction","target":{"@type":"EntryPoint","urlTemplate":"https:\/\/cavadeoro.mx\/?s={search_term_string}"},"query-input":{"@type":"PropertyValueSpecification","valueRequired":true,"valueName":"search_term_string"}}],"inLanguage":"es"},{"@type":"Organization","@id":"https:\/\/cavadeoro.mx\/#organization","name":"Tequila Cava de Oro","url":"https:\/\/cavadeoro.mx\/","logo":{"@type":"ImageObject","inLanguage":"es","@id":"https:\/\/cavadeoro.mx\/#\/schema\/logo\/image\/","url":"https:\/\/cavadeoro.mx\/wp-content\/uploads\/2022\/04\/cropped-Logo-menu.png","contentUrl":"https:\/\/cavadeoro.mx\/wp-content\/uploads\/2022\/04\/cropped-Logo-menu.png","width":92,"height":66,"caption":"Tequila Cava de Oro"},"image":{"@id":"https:\/\/cavadeoro.mx\/#\/schema\/logo\/image\/"},"sameAs":["https:\/\/facebook.com\/cavadeoro","https:\/\/instagram.com\/cavadeoro"]}]}},"lang":"es","translations":{"es":9364},"pll_sync_post":[],"_links":{"self":[{"href":"https:\/\/cavadeoro.mx\/index.php?rest_route=\/wp\/v2\/product\/9364","targetHints":{"allow":["GET"]}}],"collection":[{"href":"https:\/\/cavadeoro.mx\/index.php?rest_route=\/wp\/v2\/product"}],"about":[{"href":"https:\/\/cavadeoro.mx\/index.php?rest_route=\/wp\/v2\/types\/product"}],"version-history":[{"count":6,"href":"https:\/\/cavadeoro.mx\/index.php?rest_route=\/wp\/v2\/product\/9364\/revisions"}],"predecessor-version":[{"id":17606,"href":"https:\/\/cavadeoro.mx\/index.php?rest_route=\/wp\/v2\/product\/9364\/revisions\/17606"}],"wp:featuredmedia":[{"embeddable":true,"href":"https:\/\/cavadeoro.mx\/index.php?rest_route=\/wp\/v2\/media\/15987"}],"wp:attachment":[{"href":"https:\/\/cavadeoro.mx\/index.php?rest_route=%2Fwp%2Fv2%2Fmedia&parent=9364"}],"wp:term":[{"taxonomy":"product_brand","embeddable":true,"href":"https:\/\/cavadeoro.mx\/index.php?rest_route=%2Fwp%2Fv2%2Fproduct_brand&post=9364"},{"taxonomy":"product_cat","embeddable":true,"href":"https:\/\/cavadeoro.mx\/index.php?rest_route=%2Fwp%2Fv2%2Fproduct_cat&post=9364"},{"taxonomy":"product_tag","embeddable":true,"href":"https:\/\/cavadeoro.mx\/index.php?rest_route=%2Fwp%2Fv2%2Fproduct_tag&post=9364"}],"curies":[{"name":"wp","href":"https:\/\/api.w.org\/{rel}","templated":true}]}}